-2120. Suppose u - 227 = -a. Let i = -373 - u. Is i prime?
False
Let p(l) = 43195*l**2 + 4. Suppose 5*q - 3*f + 10 = 0, -2*f - 29 = -4*q - 7*f. Is p(q) a prime number?
False
Suppose 29*t + 31*t - 3714767 - 2667913 = 0. Is t composite?
True
Suppose 5*i = 3*i + 26276. Suppose 6092 = 5*a - i. Is (-10)/3*a/(-4) a prime number?
False
Let l be 3/12*1 - 272499/(-4). Suppose -16*q + l = 23853. Is q a prime number?
True
Suppose 58*i - 106*i + 1047984 = 0. Is i prime?
False
Let q = 160590 + 45017. Is q composite?
False
Let v(h) = h**3 + 10*h**2 + 24*h + 2. Let k be v(-11). Let i = k + 1060. Suppose -858 = -c + i. Is c a prime number?
False
Let g = 6697 + -3993. Let v = g + -1491. Is v prime?
True
Suppose -n + 1 = -b, -4*b = 5*n - 27 + 4. Suppose 0 = p - 5*p, n*h + 2*p = 7359. Is h prime?
False
Let m(p) = 2*p**2 - 30*p + 15. Let u be m(14). Let q(n) = -349*n + 82. Is q(u) composite?
True
Suppose -88430 - 15500 = -10*i. Is i a composite number?
True
Suppose 10 = 5*q, n + 2284 = 3*n - q. Let i be (18/(-27))/((-18)/243). Suppose -n = -0*j - i*j. Is j composite?
False
Suppose 11*d - 5 = 14*d + 4*i, -5*i = -3*d + 40. Suppose -s = d*k - 108 - 504, -s + 602 = 3*k. Is s a composite number?
False
Suppose 4*d - 9102 - 29666 = -4*x, x + 5*d = 9672. Let v = -540 + x. Is v composite?
False
Is 2 - ((51 - 50) + 3407/(-1)*96) composite?
True
Suppose 2*q + 3*a + 47 = 149, 0 = -4*q + 3*a + 240. Suppose -11967 = -q*t + 54*t. Is t prime?
True
Suppose -5*t - 17 = -3*l, 1 + 0 = l + 3*t. Let w(o) = o**3 - 4*o**2 - 2*o + 8. Let z be w(l). Suppose -6*x + 980 + 1042 = z. Is x a composite number?
False
Let t(a) = -15*a - 74. Let q be t(-5). Let g = q - -336. Is g composite?
False
Let n = -16213 - -25154. Is n composite?
False
Suppose -9*x + 15500 = 22*x. Suppose 2*s = -3*s - 5. Let a = x + s. Is a a prime number?
True
Suppose -16647 = 5*c + 22978. Let f = 14850 + c. Suppose 0 = d + 5*w - 1385, 0 = 2*d + 3*d + 2*w - f. Is d a prime number?
False
Is -2974*(-2466)/44 + 202/(-1111) composite?
False
Suppose -4*n + 16 = 0, t - 8*n - 11373 = -11*n. Suppose 7*v + 0*v = t. Is v a composite number?
True
Let t(m) = 4*m**3 - 15*m**2 - 15*m + 14. Let x be t(11). Let r = x + -1961. Is r a composite number?
True
Let b(w) be the second derivative of -w**3/6 + 191*w**2 + 49*w. Is b(35) a composite number?
False
Let g = -28266 - -56599. Is g a composite number?
True
Let h(j) = 3*j - 2. Let r be h(2). Let v be 0/(-1*(r - 3)). Suppose 5*f + 5*d - 3605 = v, 4*d - 10 = -2. Is f prime?
True
Let a(h) = -133*h + 31. Let v = 8 + -9. Let o be (2/v)/((-8)/(-40)). Is a(o) a composite number?
False
Let v be 107 + 0 + (8 + -40)/(-8). Let y = -106 + v. Suppose -y*n + 6*k = k - 3320, -5*n - k = -3338. Is n a composite number?
True
Suppose 6*g - 29*g = -28*g + 29176325. Is g prime?
False
Let p(t) = 2*t - 13. Let r be p(6). Let w be (-2 - 1)/(r + -2). Is (12/(-4) - w) + 941 composite?
False
Suppose -4*t = 2*d - 45534, d + 12*t - 22762 = 11*t. Let i = 38358 - d. Is i a composite number?
False
Suppose 0 = -j - 4, -5*t = -7*t - j + 175974. Suppose 5*a = -2*h + t, 74*h - 76*h - 35190 = -2*a. Is a prime?
True
Let v(b) = -3*b - 6. Let z be v(-11). Suppose -10*k + z = -k. Suppose 2*a = 3*q + 592, 0*a - k*q + 1459 = 5*a. Is a a composite number?
False
Let u(l) be the third derivative of -l**5/15 - 5*l**4/24 - 7*l**3/3 + 7*l**2. Let q be u(6). Let s = q + 265. Is s prime?
False
Suppose -1352 = t + 4*k - k, 4*t + 3*k = -5444. Suppose 2*q + 3*q - 11175 = 0. Let s = q + t. Is s composite?
True
Suppose -40*x - 1353652 = -135*x + 67010533. Is x prime?
False
Suppose 65*h + 1727364 = 77*h. Is h composite?
False
Suppose -5*g + 4*g = -3. Suppose -g*t - 55 - 101 = 0. Let a = 142 - t. Is a a composite number?
True
Suppose 4*i - 858584 = 3*a, -18*a - 429292 = -2*i - 23*a. Is i a prime number?
False
Let x = -719 - -1164. Is x a prime number?
False
Let r = -17770 + 8140. Let q = -4249 - r. Is q a composite number?
False
Let k = -177391 + 256956. Is -2*(k/(-10))/1 a prime number?
True
Let q = 638 - 324. Suppose -2*k - 5*r + q = -2063, 5*k - 5929 = r. Suppose -n = u - k, 0 = -4*n - 4*u + u + 4745. Is n composite?
False
Let g = 72 + -49. Let l = 32 - g. Suppose -12*m + 1677 = -l*m. Is m composite?
True
Let i = 16 + -31. Suppose w - 4*z - 34 = -10, 2*w + 2*z - 18 = 0. Is ((-1542)/8)/(1 + i/w) a prime number?
False
Let y(b) = -16*b + 10*b**3 - 47*b**3 + 23*b**3 + 81 + 15*b**3 - 10*b**2. Is y(16) composite?
False
Is (203178/(-6))/((-81)/9 - -8) prime?
True
Suppose 0 = -34*z + 32*z - 290. Let y = z + 150. Suppose -2*m - 3*m = -5, y*s - 14694 = m. Is s a prime number?
True
Let v(b) = -308*b - 3167. Is v(-53) prime?
False
Let q(d) = -2126*d**3 - d**2 - d - 1. Let f be q(-1). Suppose -4*p - f = -9*p. Let y = p - -94. Is y prime?
False
Is 1299332/(-8)*((42/6)/(-7) - 1) a composite number?
True
Let g = -385 - -389. Is (-9502)/g*12/(-6) a prime number?
True
Let o(k) = 2*k - 60. Let t be o(30). Is (-4)/12 + 34768/12 + t a composite number?
False
Let h be 11/(13/(-1287)*3). Suppose 4016 = 2*a - 4*s, 0*a + 1993 = a + s. Let q = a - h. Is q composite?
True
Is (-4)/2 + ((-38168)/65)/((-1)/130) a prime number?
False
Let p = 116 - 128. Let f(r) = 10*r**2 - 23*r - 7. Is f(p) composite?
False
Let o = -67 - -56. Let h be (-2 + (-64)/3)*(2 + o). Suppose 0*d = -3*b + d + 316, 2*b - h = d. Is b composite?
True
Let w(v) = 8*v**3 - 29*v**2 - 4*v + 46. Let y(h) = h**3 - h**2 - h + 1. Let d(s) = w(s) - 6*y(s). Is d(13) a prime number?
False
Let w = -2067 + -164. Let u = -607 - w. Suppose j = -4*y - 4*j + 2169, -3*y - j + u = 0. Is y prime?
True
Let q(n) = n**3 + n + 1. Let a(y) = -y**3 + 18*y**2 - 14*y + 16. Let c(z) = -a(z) + 3*q(z). Is c(12) a prime number?
False
Let i(z) = 6643*z - 4143. Is i(22) composite?
True
Suppose -3*j + 1794826 = 5*v, 23*j = 22*j + v + 598262. Is j prime?
False
Let k = -475796 - -891027. Is k composite?
False
Let r(a) be the second derivative of 53*a**4/6 + 43*a**3/6 - a**2 + 16*a + 2. Is r(5) composite?
True
Let o = 105 - 113. Let b(g) = -2*g**3 + g - 37. Is b(o) prime?
False
Suppose 5 = 16*g - 21*g. Is 12/36*(0 + g)*-12273 a prime number?
True
Let y = -227150 - -387459. Is y a prime number?
True
Suppose 264*c + 154795 = 269*c. Is c prime?
False
Suppose 0*c + 8 = 8*c. Is 2 + 90 + -4 + c a prime number?
True
Let z be 4/(-8)*2*-5. Suppose 18 = -z*b - 2, -w - 2*b = 5. Suppose -10*n + 11609 = w*n. Is n a prime number?
False
Let v(z) = 2*z**2 + 15*z + 14. Let u be v(-6). Let d be 3 - u/(-1 + 3). Suppose 0*q - 205 = -2*q + d*b, 4*q = -2*b + 470. Is q composite?
True
Let c = 1722 + 9671. Let y = -6832 + c. Is y a prime number?
True
Let o(q) = 161952*q**3 - 4*q**2 - 59*q + 62. Is o(1) a prime number?
False
Let y(v) = 2*v**2 + 2*v - 4. Let x be y(-3). Let w(u) = 10*u**2 + 402*u - 4*u**3 - 1209*u + 401*u + 400*u - 3 + 5*u**3. Is w(x) prime?
False
Let d be (-4)/22 + (-2324)/(-77). Let g be (3/2)/((-45)/d). Is (-3223)/(-55) - -2*g/(-5) a composite number?
False
Let l be (-3 - -2)/(2/3)*-2. Let w(v) = -2*v**3 + 5*v**2 + 4*v - 1. Let s be w(l). Suppose 5*q - 1793 = -r, r - 650 - 66 = -s*q. Is q prime?
True
Suppose 0*b + 23 = b + 3*d, d - 26 = -2*b. Let y(t) = 7*t**2 - b + 10*t - 2*t**2 + 2*t**2 - 6*t**2. Is y(-18) composite?
True
Let i(s) = 3*s**2 + 2*s + 130*s**2 - s + 4 - 6*s. Let g be i(-4). Suppose -g = -2*a - 2*a + 4*z, 5*z + 1624 = 3*a. Is a a composite number?
True
Suppose -44*q - 2912 = 40472. Let g = q + 3115. Is g a prime number?
True
Suppose 0 = -4*k + 2*p + p + 5202, -4*k + 2*p = -5204. Suppose -43 = -5*f + k. Suppose 3*n = 922 + f. Is n prime?
True
Suppose 5*t = -4*d + 177038 + 161399, -5*t = 2*d - 338451. Is t prime?
False
Let a be -2*((-533)/234 - (-4)/(-18)). Suppose -2*q + 0*q + 17 = a*b, 5*q = 4*b - 7. Suppose -7*o = -b*o - 4388. Is o prime?
True
Suppose 0 = -0*g + 15*g - 30. Is (g + 45168/(-18))/(2/(-3)) composite?
False
Let m(l) = l**2 - 18*l - 3. Let o be m(17). Let b be 1385*4*(-3)/o. Is (2/14 - (-24)/28)*b prime?
False
Let h be (0 - -1) + 10075 + -1. Let c(m) = 6755*m**2 - 101*m - 2. Let g be c(-1). Let l = h - g. Is l a composite number?
False
Let q = -475 - -475. Suppose -s = -4*c + 10982, 4*s + q = 8. Is c a prime number?
False
Let k be ((-7)/14)/(2/724). Let m = k + 326. Suppose 0 = 12*g - 925 + m. Is g composite?
True
Su